{"id":1264,"date":"2012-07-06T08:24:04","date_gmt":"2012-07-06T08:24:04","guid":{"rendered":"http:\/\/www.reitverein-roehlingen.de\/html\/wordpress\/wp-content\/uploads\/1999\/06\/Weingarten-1998.jpg"},"modified":"2012-07-06T08:24:04","modified_gmt":"2012-07-06T08:24:04","slug":"weingarten-1998","status":"inherit","type":"attachment","link":"https:\/\/www.reitverein-roehlingen.de\/html\/wordpress\/?attachment_id=1264","title":{"rendered":"Weingarten-1998"},"author":2,"featured_media":0,"comment_status":"closed","ping_status":"closed","template":"","meta":[],"class_list":["post-1264","attachment","type-attachment","status-inherit","hentry"],"description":{"rendered":"Blutritt 1998;Josef Betzler,Gerhard Herre,Rudi St\u00e4mmele,Gebhard B\u00fchler, Robert Jakob,Johannes Rieber,Werner Wiedenh\u00f6fer,Karl Helmle <a href=\"https:\/\/www.reitverein-roehlingen.de\/html\/wordpress\/?attachment_id=1264\" class=\"more-link\"> [...]  Weiterlesen<\/a>"},"caption":{"rendered":"<p>Blutritt 1998;Josef Betzler,Gerhard Herre,Rudi St\u00e4mmele,Gebhard B\u00fchler, Robert Jakob,Johannes Rieber,Werner Wiedenh\u00f6fer,Karl Helmle <a href=\"https:\/\/www.reitverein-roehlingen.de\/html\/wordpress\/?attachment_id=1264\">Weiterlesen <span class=\"meta-nav\">&rarr;<\/span><\/a><\/p>\n"},"alt_text":"","media_type":"image","mime_type":"image\/jpeg","media_details":{"width":"450","height":"221","hwstring_small":"height='62' width='128'","file":"1999\/06\/Weingarten-1998.jpg","sizes":{"thumbnail":{"file":"Weingarten-1998-150x150.jpg","width":"150","height":"150","source_url":"https:\/\/www.reitverein-roehlingen.de\/html\/wordpress\/wp-content\/uploads\/1999\/06\/Weingarten-1998-150x150.jpg"},"medium":{"file":"Weingarten-1998-300x147.jpg","width":"300","height":"147","source_url":"https:\/\/www.reitverein-roehlingen.de\/html\/wordpress\/wp-content\/uploads\/1999\/06\/Weingarten-1998-300x147.jpg"},"full":{"file":"Weingarten-1998.jpg","width":450,"height":221,"mime_type":"image\/jpeg","source_url":"https:\/\/www.reitverein-roehlingen.de\/html\/wordpress\/wp-content\/uploads\/1999\/06\/Weingarten-1998.jpg"}},"image_meta":{"aperture":"0","credit":"","camera":"","caption":"","created_timestamp":"0","copyright":"","focal_length":"0","iso":"0","shutter_speed":"0","title":""}},"post":156,"source_url":"https:\/\/www.reitverein-roehlingen.de\/html\/wordpress\/wp-content\/uploads\/1999\/06\/Weingarten-1998.jpg","_links":{"self":[{"href":"https:\/\/www.reitverein-roehlingen.de\/html\/wordpress\/index.php?rest_route=\/wp\/v2\/media\/1264","targetHints":{"allow":["GET"]}}],"collection":[{"href":"https:\/\/www.reitverein-roehlingen.de\/html\/wordpress\/index.php?rest_route=\/wp\/v2\/media"}],"about":[{"href":"https:\/\/www.reitverein-roehlingen.de\/html\/wordpress\/index.php?rest_route=\/wp\/v2\/types\/attachment"}],"author":[{"embeddable":true,"href":"https:\/\/www.reitverein-roehlingen.de\/html\/wordpress\/index.php?rest_route=\/wp\/v2\/users\/2"}],"replies":[{"embeddable":true,"href":"https:\/\/www.reitverein-roehlingen.de\/html\/wordpress\/index.php?rest_route=%2Fwp%2Fv2%2Fcomments&post=1264"}],"wp:attached-to":[{"embeddable":true,"post_type":"post","id":156,"href":"https:\/\/www.reitverein-roehlingen.de\/html\/wordpress\/index.php?rest_route=\/wp\/v2\/posts\/156"}],"curies":[{"name":"wp","href":"https:\/\/api.w.org\/{rel}","templated":true}]}}

Blutritt 1998;Josef Betzler,Gerhard Herre,Rudi Stämmele,Gebhard Bühler, Robert Jakob,Johannes Rieber,Werner Wiedenhöfer,Karl Helmle <a href="https://www.reitverein-roehlingen.de/html/wordpress/?attachment_id=1264" class="more-link"> [...]  Weiterlesen</a>

<p>Blutritt 1998;Josef Betzler,Gerhard Herre,Rudi Stämmele,Gebhard Bühler, Robert Jakob,Johannes Rieber,Werner Wiedenhöfer,Karl Helmle <a href="https://www.reitverein-roehlingen.de/html/wordpress/?attachment_id=1264">Weiterlesen <span class="meta-nav">&rarr;</span></a></p>
