{"id":340,"date":"2012-06-22T06:58:26","date_gmt":"2012-06-22T06:58:26","guid":{"rendered":"http:\/\/www.reitverein-roehlingen.de\/html\/wordpress\/wp-content\/uploads\/2011\/12\/Kampf-Koenigin-Prinz.jpg"},"modified":"2012-06-22T06:58:26","modified_gmt":"2012-06-22T06:58:26","slug":"kampf-koenigin-prinz","status":"inherit","type":"attachment","link":"https:\/\/www.reitverein-roehlingen.de\/html\/wordpress\/?attachment_id=340","title":{"rendered":"Kampf-Koenigin-Prinz"},"author":2,"featured_media":0,"comment_status":"closed","ping_status":"closed","template":"","meta":[],"class_list":["post-340","attachment","type-attachment","status-inherit","hentry"],"description":{"rendered":"Das Foto zeigt den Prinzen (Inga Maierh\u00f6fer auf Massimo (der Schimmel) ) und die b\u00f6se K\u00f6nigin (Sandra Schneider auf Leon) im Kampf, bei der der Prinz die K\u00f6nigin vertreibt <a href=\"https:\/\/www.reitverein-roehlingen.de\/html\/wordpress\/?attachment_id=340\" class=\"more-link\"> [...]  Weiterlesen<\/a>"},"caption":{"rendered":"<p>Das Foto zeigt den Prinzen (Inga Maierh\u00f6fer auf Massimo (der Schimmel) ) und die b\u00f6se K\u00f6nigin (Sandra Schneider auf Leon) im Kampf, bei der der Prinz die K\u00f6nigin vertreibt <a href=\"https:\/\/www.reitverein-roehlingen.de\/html\/wordpress\/?attachment_id=340\">Weiterlesen <span class=\"meta-nav\">&rarr;<\/span><\/a><\/p>\n"},"alt_text":"","media_type":"image","mime_type":"image\/jpeg","media_details":{"width":"450","height":"300","hwstring_small":"height='85' width='128'","file":"2011\/12\/Kampf-Koenigin-Prinz.jpg","sizes":{"thumbnail":{"file":"Kampf-Koenigin-Prinz-150x150.jpg","width":"150","height":"150","source_url":"https:\/\/www.reitverein-roehlingen.de\/html\/wordpress\/wp-content\/uploads\/2011\/12\/Kampf-Koenigin-Prinz-150x150.jpg"},"medium":{"file":"Kampf-Koenigin-Prinz-300x200.jpg","width":"300","height":"200","source_url":"https:\/\/www.reitverein-roehlingen.de\/html\/wordpress\/wp-content\/uploads\/2011\/12\/Kampf-Koenigin-Prinz-300x200.jpg"},"post-thumbnail":{"file":"Kampf-Koenigin-Prinz-450x288.jpg","width":"450","height":"288","source_url":"https:\/\/www.reitverein-roehlingen.de\/html\/wordpress\/wp-content\/uploads\/2011\/12\/Kampf-Koenigin-Prinz-450x288.jpg"},"large-feature":{"file":"Kampf-Koenigin-Prinz-450x288.jpg","width":"450","height":"288","source_url":"https:\/\/www.reitverein-roehlingen.de\/html\/wordpress\/wp-content\/uploads\/2011\/12\/Kampf-Koenigin-Prinz-450x288.jpg"},"full":{"file":"Kampf-Koenigin-Prinz.jpg","width":450,"height":300,"mime_type":"image\/jpeg","source_url":"https:\/\/www.reitverein-roehlingen.de\/html\/wordpress\/wp-content\/uploads\/2011\/12\/Kampf-Koenigin-Prinz.jpg"}},"image_meta":{"aperture":"0","credit":"","camera":"","caption":"","created_timestamp":"0","copyright":"","focal_length":"0","iso":"0","shutter_speed":"0","title":""}},"post":308,"source_url":"https:\/\/www.reitverein-roehlingen.de\/html\/wordpress\/wp-content\/uploads\/2011\/12\/Kampf-Koenigin-Prinz.jpg","_links":{"self":[{"href":"https:\/\/www.reitverein-roehlingen.de\/html\/wordpress\/index.php?rest_route=\/wp\/v2\/media\/340","targetHints":{"allow":["GET"]}}],"collection":[{"href":"https:\/\/www.reitverein-roehlingen.de\/html\/wordpress\/index.php?rest_route=\/wp\/v2\/media"}],"about":[{"href":"https:\/\/www.reitverein-roehlingen.de\/html\/wordpress\/index.php?rest_route=\/wp\/v2\/types\/attachment"}],"author":[{"embeddable":true,"href":"https:\/\/www.reitverein-roehlingen.de\/html\/wordpress\/index.php?rest_route=\/wp\/v2\/users\/2"}],"replies":[{"embeddable":true,"href":"https:\/\/www.reitverein-roehlingen.de\/html\/wordpress\/index.php?rest_route=%2Fwp%2Fv2%2Fcomments&post=340"}],"wp:attached-to":[{"embeddable":true,"post_type":"post","id":308,"href":"https:\/\/www.reitverein-roehlingen.de\/html\/wordpress\/index.php?rest_route=\/wp\/v2\/posts\/308"}],"curies":[{"name":"wp","href":"https:\/\/api.w.org\/{rel}","templated":true}]}}

Das Foto zeigt den Prinzen (Inga Maierhöfer auf Massimo (der Schimmel) ) und die böse Königin (Sandra Schneider auf Leon) im Kampf, bei der der Prinz die Königin vertreibt <a href="https://www.reitverein-roehlingen.de/html/wordpress/?attachment_id=340" class="more-link"> [...]  Weiterlesen</a>

<p>Das Foto zeigt den Prinzen (Inga Maierhöfer auf Massimo (der Schimmel) ) und die böse Königin (Sandra Schneider auf Leon) im Kampf, bei der der Prinz die Königin vertreibt <a href="https://www.reitverein-roehlingen.de/html/wordpress/?attachment_id=340">Weiterlesen <span class="meta-nav">&rarr;</span></a></p>
