{"id":3964,"date":"2013-03-29T15:54:11","date_gmt":"2013-03-29T15:54:11","guid":{"rendered":"http:\/\/www.reitverein-roehlingen.de\/html\/wordpress\/wp-content\/uploads\/1979\/12\/1979-Georg-Goesele-9-Kreisreitertag.jpg"},"modified":"2013-03-29T15:54:11","modified_gmt":"2013-03-29T15:54:11","slug":"1979-georg-goesele-9-kreisreitertag","status":"inherit","type":"attachment","link":"https:\/\/www.reitverein-roehlingen.de\/html\/wordpress\/?attachment_id=3964","title":{"rendered":"1979-Georg-Goesele-9-Kreisreitertag"},"author":2,"featured_media":0,"comment_status":"closed","ping_status":"closed","template":"","meta":[],"class_list":["post-3964","attachment","type-attachment","status-inherit","hentry"],"description":{"rendered":"erster Vorsitzender Karl Haas, Josef Betzler, Reiter: Ursula J\u00e4nisch, Josef Fuchs, Lidwina Erhard, Frederike Gr\u00fcner bei der Siegerehrung, das Foto wurde von Georg G\u00f6sele zur Verf\u00fcgung gestellt und von Gerfried Brutzer aufgenommen. <a href=\"https:\/\/www.reitverein-roehlingen.de\/html\/wordpress\/?attachment_id=3964\" class=\"more-link\"> [...]  Weiterlesen<\/a>"},"caption":{"rendered":"<p>erster Vorsitzender Karl Haas, Josef Betzler, Reiter: Ursula J\u00e4nisch, Josef Fuchs, Lidwina Erhard, Frederike Gr\u00fcner bei der Siegerehrung, das Foto wurde von Georg G\u00f6sele zur Verf\u00fcgung gestellt und von Gerfried Brutzer aufgenommen. <a href=\"https:\/\/www.reitverein-roehlingen.de\/html\/wordpress\/?attachment_id=3964\">Weiterlesen <span class=\"meta-nav\">&rarr;<\/span><\/a><\/p>\n"},"alt_text":"","media_type":"image","mime_type":"image\/jpeg","media_details":{"width":450,"height":321,"file":"1979\/12\/1979-Georg-Goesele-9-Kreisreitertag.jpg","sizes":{"thumbnail":{"file":"1979-Georg-Goesele-9-Kreisreitertag-150x150.jpg","width":150,"height":150,"mime_type":"image\/jpeg","source_url":"https:\/\/www.reitverein-roehlingen.de\/html\/wordpress\/wp-content\/uploads\/1979\/12\/1979-Georg-Goesele-9-Kreisreitertag-150x150.jpg"},"medium":{"file":"1979-Georg-Goesele-9-Kreisreitertag-300x214.jpg","width":300,"height":214,"mime_type":"image\/jpeg","source_url":"https:\/\/www.reitverein-roehlingen.de\/html\/wordpress\/wp-content\/uploads\/1979\/12\/1979-Georg-Goesele-9-Kreisreitertag-300x214.jpg"},"post-thumbnail":{"file":"1979-Georg-Goesele-9-Kreisreitertag-450x288.jpg","width":450,"height":288,"mime_type":"image\/jpeg","source_url":"https:\/\/www.reitverein-roehlingen.de\/html\/wordpress\/wp-content\/uploads\/1979\/12\/1979-Georg-Goesele-9-Kreisreitertag-450x288.jpg"},"large-feature":{"file":"1979-Georg-Goesele-9-Kreisreitertag-450x288.jpg","width":450,"height":288,"mime_type":"image\/jpeg","source_url":"https:\/\/www.reitverein-roehlingen.de\/html\/wordpress\/wp-content\/uploads\/1979\/12\/1979-Georg-Goesele-9-Kreisreitertag-450x288.jpg"},"small-feature":{"file":"1979-Georg-Goesele-9-Kreisreitertag-420x300.jpg","width":420,"height":300,"mime_type":"image\/jpeg","source_url":"https:\/\/www.reitverein-roehlingen.de\/html\/wordpress\/wp-content\/uploads\/1979\/12\/1979-Georg-Goesele-9-Kreisreitertag-420x300.jpg"},"full":{"file":"1979-Georg-Goesele-9-Kreisreitertag.jpg","width":450,"height":321,"mime_type":"image\/jpeg","source_url":"https:\/\/www.reitverein-roehlingen.de\/html\/wordpress\/wp-content\/uploads\/1979\/12\/1979-Georg-Goesele-9-Kreisreitertag.jpg"}},"image_meta":{"aperture":0,"credit":"","camera":"","caption":"","created_timestamp":0,"copyright":"","focal_length":0,"iso":0,"shutter_speed":0,"title":""}},"post":294,"source_url":"https:\/\/www.reitverein-roehlingen.de\/html\/wordpress\/wp-content\/uploads\/1979\/12\/1979-Georg-Goesele-9-Kreisreitertag.jpg","_links":{"self":[{"href":"https:\/\/www.reitverein-roehlingen.de\/html\/wordpress\/index.php?rest_route=\/wp\/v2\/media\/3964","targetHints":{"allow":["GET"]}}],"collection":[{"href":"https:\/\/www.reitverein-roehlingen.de\/html\/wordpress\/index.php?rest_route=\/wp\/v2\/media"}],"about":[{"href":"https:\/\/www.reitverein-roehlingen.de\/html\/wordpress\/index.php?rest_route=\/wp\/v2\/types\/attachment"}],"author":[{"embeddable":true,"href":"https:\/\/www.reitverein-roehlingen.de\/html\/wordpress\/index.php?rest_route=\/wp\/v2\/users\/2"}],"replies":[{"embeddable":true,"href":"https:\/\/www.reitverein-roehlingen.de\/html\/wordpress\/index.php?rest_route=%2Fwp%2Fv2%2Fcomments&post=3964"}],"wp:attached-to":[{"embeddable":true,"post_type":"post","id":294,"href":"https:\/\/www.reitverein-roehlingen.de\/html\/wordpress\/index.php?rest_route=\/wp\/v2\/posts\/294"}],"curies":[{"name":"wp","href":"https:\/\/api.w.org\/{rel}","templated":true}]}}

erster Vorsitzender Karl Haas, Josef Betzler, Reiter: Ursula Jänisch, Josef Fuchs, Lidwina Erhard, Frederike Grüner bei der Siegerehrung, das Foto wurde von Georg Gösele zur Verfügung gestellt und von Gerfried Brutzer aufgenommen. <a href="https://www.reitverein-roehlingen.de/html/wordpress/?attachment_id=3964" class="more-link"> [...]  Weiterlesen</a>

<p>erster Vorsitzender Karl Haas, Josef Betzler, Reiter: Ursula Jänisch, Josef Fuchs, Lidwina Erhard, Frederike Grüner bei der Siegerehrung, das Foto wurde von Georg Gösele zur Verfügung gestellt und von Gerfried Brutzer aufgenommen. <a href="https://www.reitverein-roehlingen.de/html/wordpress/?attachment_id=3964">Weiterlesen <span class="meta-nav">&rarr;</span></a></p>
