{"id":5284,"date":"2013-11-20T08:04:30","date_gmt":"2013-11-20T08:04:30","guid":{"rendered":"http:\/\/www.reitverein-roehlingen.de\/html\/wordpress\/wp-content\/uploads\/2000\/12\/2000-Festumzug-R\u00f6SeNa.jpg"},"modified":"2013-11-20T08:04:30","modified_gmt":"2013-11-20T08:04:30","slug":"2000-festumzug-roesena","status":"inherit","type":"attachment","link":"https:\/\/www.reitverein-roehlingen.de\/html\/wordpress\/?attachment_id=5284","title":{"rendered":"2000-Festumzug-R\u00f6SeNa"},"author":2,"featured_media":0,"comment_status":"closed","ping_status":"closed","template":"","meta":[],"class_list":["post-5284","attachment","type-attachment","status-inherit","hentry"],"description":{"rendered":"Gebhard B\u00fchler und Manuel B\u00fchler beim Festumzug der R\u00f6SeNa im Jahr 2000 <a href=\"https:\/\/www.reitverein-roehlingen.de\/html\/wordpress\/?attachment_id=5284\" class=\"more-link\"> [...]  Weiterlesen<\/a>"},"caption":{"rendered":"<p>Gebhard B\u00fchler und Manuel B\u00fchler beim Festumzug der R\u00f6SeNa im Jahr 2000 <a href=\"https:\/\/www.reitverein-roehlingen.de\/html\/wordpress\/?attachment_id=5284\">Weiterlesen <span class=\"meta-nav\">&rarr;<\/span><\/a><\/p>\n"},"alt_text":"","media_type":"image","mime_type":"image\/jpeg","media_details":{"width":450,"height":308,"file":"2000\/12\/2000-Festumzug-R\u00f6SeNa.jpg","sizes":{"thumbnail":{"file":"2000-Festumzug-R\u00f6SeNa-150x150.jpg","width":150,"height":150,"mime_type":"image\/jpeg","source_url":"https:\/\/www.reitverein-roehlingen.de\/html\/wordpress\/wp-content\/uploads\/2000\/12\/2000-Festumzug-R\u00f6SeNa-150x150.jpg"},"medium":{"file":"2000-Festumzug-R\u00f6SeNa-300x205.jpg","width":300,"height":205,"mime_type":"image\/jpeg","source_url":"https:\/\/www.reitverein-roehlingen.de\/html\/wordpress\/wp-content\/uploads\/2000\/12\/2000-Festumzug-R\u00f6SeNa-300x205.jpg"},"post-thumbnail":{"file":"2000-Festumzug-R\u00f6SeNa-450x288.jpg","width":450,"height":288,"mime_type":"image\/jpeg","source_url":"https:\/\/www.reitverein-roehlingen.de\/html\/wordpress\/wp-content\/uploads\/2000\/12\/2000-Festumzug-R\u00f6SeNa-450x288.jpg"},"large-feature":{"file":"2000-Festumzug-R\u00f6SeNa-450x288.jpg","width":450,"height":288,"mime_type":"image\/jpeg","source_url":"https:\/\/www.reitverein-roehlingen.de\/html\/wordpress\/wp-content\/uploads\/2000\/12\/2000-Festumzug-R\u00f6SeNa-450x288.jpg"},"small-feature":{"file":"2000-Festumzug-R\u00f6SeNa-438x300.jpg","width":438,"height":300,"mime_type":"image\/jpeg","source_url":"https:\/\/www.reitverein-roehlingen.de\/html\/wordpress\/wp-content\/uploads\/2000\/12\/2000-Festumzug-R\u00f6SeNa-438x300.jpg"},"full":{"file":"2000-Festumzug-R\u00f6SeNa.jpg","width":450,"height":308,"mime_type":"image\/jpeg","source_url":"https:\/\/www.reitverein-roehlingen.de\/html\/wordpress\/wp-content\/uploads\/2000\/12\/2000-Festumzug-R\u00f6SeNa.jpg"}},"image_meta":{"aperture":0,"credit":"","camera":"","caption":"","created_timestamp":0,"copyright":"","focal_length":0,"iso":0,"shutter_speed":0,"title":""}},"post":2073,"source_url":"https:\/\/www.reitverein-roehlingen.de\/html\/wordpress\/wp-content\/uploads\/2000\/12\/2000-Festumzug-R\u00f6SeNa.jpg","_links":{"self":[{"href":"https:\/\/www.reitverein-roehlingen.de\/html\/wordpress\/index.php?rest_route=\/wp\/v2\/media\/5284","targetHints":{"allow":["GET"]}}],"collection":[{"href":"https:\/\/www.reitverein-roehlingen.de\/html\/wordpress\/index.php?rest_route=\/wp\/v2\/media"}],"about":[{"href":"https:\/\/www.reitverein-roehlingen.de\/html\/wordpress\/index.php?rest_route=\/wp\/v2\/types\/attachment"}],"author":[{"embeddable":true,"href":"https:\/\/www.reitverein-roehlingen.de\/html\/wordpress\/index.php?rest_route=\/wp\/v2\/users\/2"}],"replies":[{"embeddable":true,"href":"https:\/\/www.reitverein-roehlingen.de\/html\/wordpress\/index.php?rest_route=%2Fwp%2Fv2%2Fcomments&post=5284"}],"wp:attached-to":[{"embeddable":true,"post_type":"post","id":2073,"href":"https:\/\/www.reitverein-roehlingen.de\/html\/wordpress\/index.php?rest_route=\/wp\/v2\/posts\/2073"}],"curies":[{"name":"wp","href":"https:\/\/api.w.org\/{rel}","templated":true}]}}

http://www.reitverein-roehlingen.de/html/wordpress/wp-content/uploads/2000/12/2000-Festumzug-RöSeNa.jpg

2000-Festumzug-RöSeNa

Gebhard Bühler und Manuel Bühler beim Festumzug der RöSeNa im Jahr 2000 <a href="https://www.reitverein-roehlingen.de/html/wordpress/?attachment_id=5284" class="more-link"> [...]  Weiterlesen</a>

<p>Gebhard Bühler und Manuel Bühler beim Festumzug der RöSeNa im Jahr 2000 <a href="https://www.reitverein-roehlingen.de/html/wordpress/?attachment_id=5284">Weiterlesen <span class="meta-nav">&rarr;</span></a></p>

2000/12/2000-Festumzug-RöSeNa.jpg

2000-Festumzug-RöSeNa-150x150.jpg

https://www.reitverein-roehlingen.de/html/wordpress/wp-content/uploads/2000/12/2000-Festumzug-RöSeNa-150x150.jpg

2000-Festumzug-RöSeNa-300x205.jpg

https://www.reitverein-roehlingen.de/html/wordpress/wp-content/uploads/2000/12/2000-Festumzug-RöSeNa-300x205.jpg

2000-Festumzug-RöSeNa-450x288.jpg

https://www.reitverein-roehlingen.de/html/wordpress/wp-content/uploads/2000/12/2000-Festumzug-RöSeNa-450x288.jpg

2000-Festumzug-RöSeNa-438x300.jpg

https://www.reitverein-roehlingen.de/html/wordpress/wp-content/uploads/2000/12/2000-Festumzug-RöSeNa-438x300.jpg

2000-Festumzug-RöSeNa.jpg

https://www.reitverein-roehlingen.de/html/wordpress/wp-content/uploads/2000/12/2000-Festumzug-RöSeNa.jpg
