{"id":5581,"date":"2014-01-13T20:00:00","date_gmt":"2014-01-13T20:00:00","guid":{"rendered":"http:\/\/www.reitverein-roehlingen.de\/html\/wordpress\/wp-content\/uploads\/2014\/01\/Kalter-Markt-2014-18.jpg"},"modified":"2014-01-13T20:00:00","modified_gmt":"2014-01-13T20:00:00","slug":"kalter-markt-2014-18","status":"inherit","type":"attachment","link":"https:\/\/www.reitverein-roehlingen.de\/html\/wordpress\/?attachment_id=5581","title":{"rendered":"Kalter-Markt-2014-18"},"author":2,"featured_media":0,"comment_status":"closed","ping_status":"closed","template":"","meta":[],"class_list":["post-5581","attachment","type-attachment","status-inherit","hentry"],"description":{"rendered":"Erwischt: Hildegard B\u00fchler sorgt in der K\u00fcche f\u00fcr die Verpflegung... <a href=\"https:\/\/www.reitverein-roehlingen.de\/html\/wordpress\/?attachment_id=5581\" class=\"more-link\"> [...]  Weiterlesen<\/a>"},"caption":{"rendered":"<p>Erwischt: Hildegard B\u00fchler sorgt in der K\u00fcche f\u00fcr die Verpflegung&#8230; <a href=\"https:\/\/www.reitverein-roehlingen.de\/html\/wordpress\/?attachment_id=5581\">Weiterlesen <span class=\"meta-nav\">&rarr;<\/span><\/a><\/p>\n"},"alt_text":"","media_type":"image","mime_type":"image\/jpeg","media_details":{"width":300,"height":450,"file":"2014\/01\/Kalter-Markt-2014-18.jpg","sizes":{"thumbnail":{"file":"Kalter-Markt-2014-18-150x150.jpg","width":150,"height":150,"mime_type":"image\/jpeg","source_url":"https:\/\/www.reitverein-roehlingen.de\/html\/wordpress\/wp-content\/uploads\/2014\/01\/Kalter-Markt-2014-18-150x150.jpg"},"medium":{"file":"Kalter-Markt-2014-18-200x300.jpg","width":200,"height":300,"mime_type":"image\/jpeg","source_url":"https:\/\/www.reitverein-roehlingen.de\/html\/wordpress\/wp-content\/uploads\/2014\/01\/Kalter-Markt-2014-18-200x300.jpg"},"post-thumbnail":{"file":"Kalter-Markt-2014-18-300x288.jpg","width":300,"height":288,"mime_type":"image\/jpeg","source_url":"https:\/\/www.reitverein-roehlingen.de\/html\/wordpress\/wp-content\/uploads\/2014\/01\/Kalter-Markt-2014-18-300x288.jpg"},"large-feature":{"file":"Kalter-Markt-2014-18-300x288.jpg","width":300,"height":288,"mime_type":"image\/jpeg","source_url":"https:\/\/www.reitverein-roehlingen.de\/html\/wordpress\/wp-content\/uploads\/2014\/01\/Kalter-Markt-2014-18-300x288.jpg"},"small-feature":{"file":"Kalter-Markt-2014-18-200x300.jpg","width":200,"height":300,"mime_type":"image\/jpeg","source_url":"https:\/\/www.reitverein-roehlingen.de\/html\/wordpress\/wp-content\/uploads\/2014\/01\/Kalter-Markt-2014-18-200x300.jpg"},"full":{"file":"Kalter-Markt-2014-18.jpg","width":300,"height":450,"mime_type":"image\/jpeg","source_url":"https:\/\/www.reitverein-roehlingen.de\/html\/wordpress\/wp-content\/uploads\/2014\/01\/Kalter-Markt-2014-18.jpg"}},"image_meta":{"aperture":0,"credit":"","camera":"","caption":"","created_timestamp":0,"copyright":"","focal_length":0,"iso":0,"shutter_speed":0,"title":""}},"post":5563,"source_url":"https:\/\/www.reitverein-roehlingen.de\/html\/wordpress\/wp-content\/uploads\/2014\/01\/Kalter-Markt-2014-18.jpg","_links":{"self":[{"href":"https:\/\/www.reitverein-roehlingen.de\/html\/wordpress\/index.php?rest_route=\/wp\/v2\/media\/5581","targetHints":{"allow":["GET"]}}],"collection":[{"href":"https:\/\/www.reitverein-roehlingen.de\/html\/wordpress\/index.php?rest_route=\/wp\/v2\/media"}],"about":[{"href":"https:\/\/www.reitverein-roehlingen.de\/html\/wordpress\/index.php?rest_route=\/wp\/v2\/types\/attachment"}],"author":[{"embeddable":true,"href":"https:\/\/www.reitverein-roehlingen.de\/html\/wordpress\/index.php?rest_route=\/wp\/v2\/users\/2"}],"replies":[{"embeddable":true,"href":"https:\/\/www.reitverein-roehlingen.de\/html\/wordpress\/index.php?rest_route=%2Fwp%2Fv2%2Fcomments&post=5581"}],"wp:attached-to":[{"embeddable":true,"post_type":"post","id":5563,"href":"https:\/\/www.reitverein-roehlingen.de\/html\/wordpress\/index.php?rest_route=\/wp\/v2\/posts\/5563"}],"curies":[{"name":"wp","href":"https:\/\/api.w.org\/{rel}","templated":true}]}}

Erwischt: Hildegard Bühler sorgt in der Küche für die Verpflegung... <a href="https://www.reitverein-roehlingen.de/html/wordpress/?attachment_id=5581" class="more-link"> [...]  Weiterlesen</a>

<p>Erwischt: Hildegard Bühler sorgt in der Küche für die Verpflegung&#8230; <a href="https://www.reitverein-roehlingen.de/html/wordpress/?attachment_id=5581">Weiterlesen <span class="meta-nav">&rarr;</span></a></p>
