{"id":6363,"date":"2014-06-28T15:28:55","date_gmt":"2014-06-28T15:28:55","guid":{"rendered":"http:\/\/www.reitverein-roehlingen.de\/html\/wordpress\/wp-content\/uploads\/2014\/06\/Dorfjubilaeum-6.jpg"},"modified":"2014-06-28T15:28:55","modified_gmt":"2014-06-28T15:28:55","slug":"dorfjubilaeum-6","status":"inherit","type":"attachment","link":"https:\/\/www.reitverein-roehlingen.de\/html\/wordpress\/?attachment_id=6363","title":{"rendered":"Dorfjubilaeum-6"},"author":2,"featured_media":0,"comment_status":"closed","ping_status":"closed","template":"","meta":[],"class_list":["post-6363","attachment","type-attachment","status-inherit","hentry"],"description":{"rendered":"Zum Themendorf geh\u00f6rt auch die Keltengruppe \"Epona\". Rolf K\u00fcbler ist schon lange dort dabei, allerdings muss er seit diesem Jahr auf Rantanplan ausweichen, da sein Damian ausgefallen war. Rantanplan ist zwar f\u00fcr die K\u00e4mpfe noch in der Ausbildung, aber als Neuling schl\u00e4gt er sich schon gut.... <a href=\"https:\/\/www.reitverein-roehlingen.de\/html\/wordpress\/?attachment_id=6363\" class=\"more-link\"> [...]  Weiterlesen<\/a>"},"caption":{"rendered":"<p>Zum Themendorf geh\u00f6rt auch die Keltengruppe &#8220;Epona&#8221;. Rolf K\u00fcbler ist schon lange dort dabei, allerdings muss er seit diesem Jahr auf Rantanplan ausweichen, da sein Damian ausgefallen war. Rantanplan ist zwar f\u00fcr die K\u00e4mpfe noch in der Ausbildung, aber als Neuling schl\u00e4gt er sich schon gut&#8230;. <a href=\"https:\/\/www.reitverein-roehlingen.de\/html\/wordpress\/?attachment_id=6363\">Weiterlesen <span class=\"meta-nav\">&rarr;<\/span><\/a><\/p>\n"},"alt_text":"","media_type":"image","mime_type":"image\/jpeg","media_details":{"width":450,"height":300,"file":"2014\/06\/Dorfjubilaeum-6.jpg","sizes":{"thumbnail":{"file":"Dorfjubilaeum-6-150x150.jpg","width":150,"height":150,"mime_type":"image\/jpeg","source_url":"https:\/\/www.reitverein-roehlingen.de\/html\/wordpress\/wp-content\/uploads\/2014\/06\/Dorfjubilaeum-6-150x150.jpg"},"medium":{"file":"Dorfjubilaeum-6-300x200.jpg","width":300,"height":200,"mime_type":"image\/jpeg","source_url":"https:\/\/www.reitverein-roehlingen.de\/html\/wordpress\/wp-content\/uploads\/2014\/06\/Dorfjubilaeum-6-300x200.jpg"},"post-thumbnail":{"file":"Dorfjubilaeum-6-450x288.jpg","width":450,"height":288,"mime_type":"image\/jpeg","source_url":"https:\/\/www.reitverein-roehlingen.de\/html\/wordpress\/wp-content\/uploads\/2014\/06\/Dorfjubilaeum-6-450x288.jpg"},"large-feature":{"file":"Dorfjubilaeum-6-450x288.jpg","width":450,"height":288,"mime_type":"image\/jpeg","source_url":"https:\/\/www.reitverein-roehlingen.de\/html\/wordpress\/wp-content\/uploads\/2014\/06\/Dorfjubilaeum-6-450x288.jpg"},"full":{"file":"Dorfjubilaeum-6.jpg","width":450,"height":300,"mime_type":"image\/jpeg","source_url":"https:\/\/www.reitverein-roehlingen.de\/html\/wordpress\/wp-content\/uploads\/2014\/06\/Dorfjubilaeum-6.jpg"}},"image_meta":{"aperture":0,"credit":"","camera":"","caption":"","created_timestamp":0,"copyright":"","focal_length":0,"iso":0,"shutter_speed":0,"title":""}},"post":6357,"source_url":"https:\/\/www.reitverein-roehlingen.de\/html\/wordpress\/wp-content\/uploads\/2014\/06\/Dorfjubilaeum-6.jpg","_links":{"self":[{"href":"https:\/\/www.reitverein-roehlingen.de\/html\/wordpress\/index.php?rest_route=\/wp\/v2\/media\/6363","targetHints":{"allow":["GET"]}}],"collection":[{"href":"https:\/\/www.reitverein-roehlingen.de\/html\/wordpress\/index.php?rest_route=\/wp\/v2\/media"}],"about":[{"href":"https:\/\/www.reitverein-roehlingen.de\/html\/wordpress\/index.php?rest_route=\/wp\/v2\/types\/attachment"}],"author":[{"embeddable":true,"href":"https:\/\/www.reitverein-roehlingen.de\/html\/wordpress\/index.php?rest_route=\/wp\/v2\/users\/2"}],"replies":[{"embeddable":true,"href":"https:\/\/www.reitverein-roehlingen.de\/html\/wordpress\/index.php?rest_route=%2Fwp%2Fv2%2Fcomments&post=6363"}],"wp:attached-to":[{"embeddable":true,"post_type":"post","id":6357,"href":"https:\/\/www.reitverein-roehlingen.de\/html\/wordpress\/index.php?rest_route=\/wp\/v2\/posts\/6357"}],"curies":[{"name":"wp","href":"https:\/\/api.w.org\/{rel}","templated":true}]}}

Zum Themendorf gehört auch die Keltengruppe "Epona". Rolf Kübler ist schon lange dort dabei, allerdings muss er seit diesem Jahr auf Rantanplan ausweichen, da sein Damian ausgefallen war. Rantanplan ist zwar für die Kämpfe noch in der Ausbildung, aber als Neuling schlägt er sich schon gut.... <a href="https://www.reitverein-roehlingen.de/html/wordpress/?attachment_id=6363" class="more-link"> [...]  Weiterlesen</a>

<p>Zum Themendorf gehört auch die Keltengruppe &#8220;Epona&#8221;. Rolf Kübler ist schon lange dort dabei, allerdings muss er seit diesem Jahr auf Rantanplan ausweichen, da sein Damian ausgefallen war. Rantanplan ist zwar für die Kämpfe noch in der Ausbildung, aber als Neuling schlägt er sich schon gut&#8230;. <a href="https://www.reitverein-roehlingen.de/html/wordpress/?attachment_id=6363">Weiterlesen <span class="meta-nav">&rarr;</span></a></p>
