{"id":6579,"date":"2014-08-03T20:27:14","date_gmt":"2014-08-03T20:27:14","guid":{"rendered":"http:\/\/www.reitverein-roehlingen.de\/html\/wordpress\/wp-content\/uploads\/2014\/08\/Pferdefestival-21.jpg"},"modified":"2014-08-03T20:27:14","modified_gmt":"2014-08-03T20:27:14","slug":"pferdefestival-21","status":"inherit","type":"attachment","link":"https:\/\/www.reitverein-roehlingen.de\/html\/wordpress\/?attachment_id=6579","title":{"rendered":"Pferdefestival-21"},"author":2,"featured_media":0,"comment_status":"closed","ping_status":"closed","template":"","meta":[],"class_list":["post-6579","attachment","type-attachment","status-inherit","hentry"],"description":{"rendered":"Andrea Esdar mit ihrer Tochter Leonie und den Ponys Missy und Momo in der Fahrquadrille f\u00fcr Zweisp\u00e4nner. Sie gewannen mit ihrer Quadrille sogar diese Pr\u00fcfung! <a href=\"https:\/\/www.reitverein-roehlingen.de\/html\/wordpress\/?attachment_id=6579\" class=\"more-link\"> [...]  Weiterlesen<\/a>"},"caption":{"rendered":"<p>Andrea Esdar mit ihrer Tochter Leonie und den Ponys Missy und Momo in der Fahrquadrille f\u00fcr Zweisp\u00e4nner. Sie gewannen mit ihrer Quadrille sogar diese Pr\u00fcfung! <a href=\"https:\/\/www.reitverein-roehlingen.de\/html\/wordpress\/?attachment_id=6579\">Weiterlesen <span class=\"meta-nav\">&rarr;<\/span><\/a><\/p>\n"},"alt_text":"","media_type":"image","mime_type":"image\/jpeg","media_details":{"width":450,"height":300,"file":"2014\/08\/Pferdefestival-21.jpg","sizes":{"thumbnail":{"file":"Pferdefestival-21-150x150.jpg","width":150,"height":150,"mime_type":"image\/jpeg","source_url":"https:\/\/www.reitverein-roehlingen.de\/html\/wordpress\/wp-content\/uploads\/2014\/08\/Pferdefestival-21-150x150.jpg"},"medium":{"file":"Pferdefestival-21-300x200.jpg","width":300,"height":200,"mime_type":"image\/jpeg","source_url":"https:\/\/www.reitverein-roehlingen.de\/html\/wordpress\/wp-content\/uploads\/2014\/08\/Pferdefestival-21-300x200.jpg"},"post-thumbnail":{"file":"Pferdefestival-21-450x288.jpg","width":450,"height":288,"mime_type":"image\/jpeg","source_url":"https:\/\/www.reitverein-roehlingen.de\/html\/wordpress\/wp-content\/uploads\/2014\/08\/Pferdefestival-21-450x288.jpg"},"large-feature":{"file":"Pferdefestival-21-450x288.jpg","width":450,"height":288,"mime_type":"image\/jpeg","source_url":"https:\/\/www.reitverein-roehlingen.de\/html\/wordpress\/wp-content\/uploads\/2014\/08\/Pferdefestival-21-450x288.jpg"},"full":{"file":"Pferdefestival-21.jpg","width":450,"height":300,"mime_type":"image\/jpeg","source_url":"https:\/\/www.reitverein-roehlingen.de\/html\/wordpress\/wp-content\/uploads\/2014\/08\/Pferdefestival-21.jpg"}},"image_meta":{"aperture":0,"credit":"","camera":"","caption":"","created_timestamp":0,"copyright":"","focal_length":0,"iso":0,"shutter_speed":0,"title":""}},"post":6538,"source_url":"https:\/\/www.reitverein-roehlingen.de\/html\/wordpress\/wp-content\/uploads\/2014\/08\/Pferdefestival-21.jpg","_links":{"self":[{"href":"https:\/\/www.reitverein-roehlingen.de\/html\/wordpress\/index.php?rest_route=\/wp\/v2\/media\/6579","targetHints":{"allow":["GET"]}}],"collection":[{"href":"https:\/\/www.reitverein-roehlingen.de\/html\/wordpress\/index.php?rest_route=\/wp\/v2\/media"}],"about":[{"href":"https:\/\/www.reitverein-roehlingen.de\/html\/wordpress\/index.php?rest_route=\/wp\/v2\/types\/attachment"}],"author":[{"embeddable":true,"href":"https:\/\/www.reitverein-roehlingen.de\/html\/wordpress\/index.php?rest_route=\/wp\/v2\/users\/2"}],"replies":[{"embeddable":true,"href":"https:\/\/www.reitverein-roehlingen.de\/html\/wordpress\/index.php?rest_route=%2Fwp%2Fv2%2Fcomments&post=6579"}],"wp:attached-to":[{"embeddable":true,"post_type":"post","id":6538,"href":"https:\/\/www.reitverein-roehlingen.de\/html\/wordpress\/index.php?rest_route=\/wp\/v2\/posts\/6538"}],"curies":[{"name":"wp","href":"https:\/\/api.w.org\/{rel}","templated":true}]}}

Andrea Esdar mit ihrer Tochter Leonie und den Ponys Missy und Momo in der Fahrquadrille für Zweispänner. Sie gewannen mit ihrer Quadrille sogar diese Prüfung! <a href="https://www.reitverein-roehlingen.de/html/wordpress/?attachment_id=6579" class="more-link"> [...]  Weiterlesen</a>

<p>Andrea Esdar mit ihrer Tochter Leonie und den Ponys Missy und Momo in der Fahrquadrille für Zweispänner. Sie gewannen mit ihrer Quadrille sogar diese Prüfung! <a href="https://www.reitverein-roehlingen.de/html/wordpress/?attachment_id=6579">Weiterlesen <span class="meta-nav">&rarr;</span></a></p>
