{"id":7059,"date":"2014-11-22T12:24:04","date_gmt":"2014-11-22T12:24:04","guid":{"rendered":"http:\/\/www.reitverein-roehlingen.de\/html\/wordpress\/wp-content\/uploads\/2014\/11\/Arbeitstag-November-2.jpg"},"modified":"2014-11-22T12:24:04","modified_gmt":"2014-11-22T12:24:04","slug":"arbeitstag-november-2","status":"inherit","type":"attachment","link":"https:\/\/www.reitverein-roehlingen.de\/html\/wordpress\/?attachment_id=7059","title":{"rendered":"Arbeitstag-November-2"},"author":2,"featured_media":0,"comment_status":"closed","ping_status":"closed","template":"","meta":[],"class_list":["post-7059","attachment","type-attachment","status-inherit","hentry"],"description":{"rendered":"In der Sechta gibt es wieder Biber. Einer davon l\u00e4uft regelm\u00e4\u00dfig \u00fcber unseren Reitplatz und holt sich auf der anderen Seite die \u00c4pfel... Guten Appetit! <a href=\"https:\/\/www.reitverein-roehlingen.de\/html\/wordpress\/?attachment_id=7059\" class=\"more-link\"> [...]  Weiterlesen<\/a>"},"caption":{"rendered":"<p>In der Sechta gibt es wieder Biber. Einer davon l\u00e4uft regelm\u00e4\u00dfig \u00fcber unseren Reitplatz und holt sich auf der anderen Seite die \u00c4pfel&#8230; Guten Appetit! <a href=\"https:\/\/www.reitverein-roehlingen.de\/html\/wordpress\/?attachment_id=7059\">Weiterlesen <span class=\"meta-nav\">&rarr;<\/span><\/a><\/p>\n"},"alt_text":"","media_type":"image","mime_type":"image\/jpeg","media_details":{"width":338,"height":450,"file":"2014\/11\/Arbeitstag-November-2.jpg","sizes":{"thumbnail":{"file":"Arbeitstag-November-2-150x150.jpg","width":150,"height":150,"mime_type":"image\/jpeg","source_url":"https:\/\/www.reitverein-roehlingen.de\/html\/wordpress\/wp-content\/uploads\/2014\/11\/Arbeitstag-November-2-150x150.jpg"},"medium":{"file":"Arbeitstag-November-2-225x300.jpg","width":225,"height":300,"mime_type":"image\/jpeg","source_url":"https:\/\/www.reitverein-roehlingen.de\/html\/wordpress\/wp-content\/uploads\/2014\/11\/Arbeitstag-November-2-225x300.jpg"},"post-thumbnail":{"file":"Arbeitstag-November-2-338x288.jpg","width":338,"height":288,"mime_type":"image\/jpeg","source_url":"https:\/\/www.reitverein-roehlingen.de\/html\/wordpress\/wp-content\/uploads\/2014\/11\/Arbeitstag-November-2-338x288.jpg"},"large-feature":{"file":"Arbeitstag-November-2-338x288.jpg","width":338,"height":288,"mime_type":"image\/jpeg","source_url":"https:\/\/www.reitverein-roehlingen.de\/html\/wordpress\/wp-content\/uploads\/2014\/11\/Arbeitstag-November-2-338x288.jpg"},"small-feature":{"file":"Arbeitstag-November-2-225x300.jpg","width":225,"height":300,"mime_type":"image\/jpeg","source_url":"https:\/\/www.reitverein-roehlingen.de\/html\/wordpress\/wp-content\/uploads\/2014\/11\/Arbeitstag-November-2-225x300.jpg"},"full":{"file":"Arbeitstag-November-2.jpg","width":338,"height":450,"mime_type":"image\/jpeg","source_url":"https:\/\/www.reitverein-roehlingen.de\/html\/wordpress\/wp-content\/uploads\/2014\/11\/Arbeitstag-November-2.jpg"}},"image_meta":{"aperture":0,"credit":"","camera":"","caption":"","created_timestamp":0,"copyright":"","focal_length":0,"iso":0,"shutter_speed":0,"title":""}},"post":7057,"source_url":"https:\/\/www.reitverein-roehlingen.de\/html\/wordpress\/wp-content\/uploads\/2014\/11\/Arbeitstag-November-2.jpg","_links":{"self":[{"href":"https:\/\/www.reitverein-roehlingen.de\/html\/wordpress\/index.php?rest_route=\/wp\/v2\/media\/7059","targetHints":{"allow":["GET"]}}],"collection":[{"href":"https:\/\/www.reitverein-roehlingen.de\/html\/wordpress\/index.php?rest_route=\/wp\/v2\/media"}],"about":[{"href":"https:\/\/www.reitverein-roehlingen.de\/html\/wordpress\/index.php?rest_route=\/wp\/v2\/types\/attachment"}],"author":[{"embeddable":true,"href":"https:\/\/www.reitverein-roehlingen.de\/html\/wordpress\/index.php?rest_route=\/wp\/v2\/users\/2"}],"replies":[{"embeddable":true,"href":"https:\/\/www.reitverein-roehlingen.de\/html\/wordpress\/index.php?rest_route=%2Fwp%2Fv2%2Fcomments&post=7059"}],"wp:attached-to":[{"embeddable":true,"post_type":"post","id":7057,"href":"https:\/\/www.reitverein-roehlingen.de\/html\/wordpress\/index.php?rest_route=\/wp\/v2\/posts\/7057"}],"curies":[{"name":"wp","href":"https:\/\/api.w.org\/{rel}","templated":true}]}}

In der Sechta gibt es wieder Biber. Einer davon läuft regelmäßig über unseren Reitplatz und holt sich auf der anderen Seite die Äpfel... Guten Appetit! <a href="https://www.reitverein-roehlingen.de/html/wordpress/?attachment_id=7059" class="more-link"> [...]  Weiterlesen</a>

<p>In der Sechta gibt es wieder Biber. Einer davon läuft regelmäßig über unseren Reitplatz und holt sich auf der anderen Seite die Äpfel&#8230; Guten Appetit! <a href="https://www.reitverein-roehlingen.de/html/wordpress/?attachment_id=7059">Weiterlesen <span class="meta-nav">&rarr;</span></a></p>
