{"id":3813,"date":"2026-04-13T00:30:00","date_gmt":"2026-04-13T00:30:00","guid":{"rendered":"http:\/\/www.reitverein-roehlingen.de\/html\/wordpress\/?page_id=3813"},"modified":"2026-04-13T07:35:44","modified_gmt":"2026-04-13T07:35:44","slug":"event-reiten-unter-turnierbedingungen","status":"publish","type":"page","link":"https:\/\/www.reitverein-roehlingen.de\/html\/wordpress\/?page_id=3813","title":{"rendered":"Events: Turniere"},"content":{"rendered":"\nAuch dieses Jahr findet der beliebte Fahrertag bei uns statt. Es gibt wieder eine k\u00fcrzere und eine l\u00e4ngere Strecke f\u00fcr die Ausfahrt durch unsere sch\u00f6ne Landschaft und danach auf dem Reitplatz ein Kegelfahren. Termin ist immer der erste Sonntag im Mai, dieses Jahr der ist es der 3. Mai. F\u00fcr die Kutschenausfahrt mit anschlie\u00dfendem Hindernisfahren k\u00f6nnt ihr Euch ab sofort per E-Mail bei Martin Esdar unter m.esdar@web.de anmelden.&nbsp;\n\n\n\nWir freuen uns wieder auf viele Teilnehmer und Zuschauer!\n\n\n\nHier <a href=\"https:\/\/www.reitverein-roehlingen.de\/html\/wordpress\/?page_id=3813\" class=\"more-link\"> [...]  Weiterlesen<\/a>","protected":false},"excerpt":{"rendered":"<p>Auch dieses Jahr findet der beliebte Fahrertag bei uns statt. Es gibt wieder eine k\u00fcrzere und eine l\u00e4ngere Strecke f\u00fcr die Ausfahrt durch unsere sch\u00f6ne Landschaft und danach auf dem Reitplatz ein Kegelfahren. Termin ist immer der erste Sonntag im &hellip; <a href=\"https:\/\/www.reitverein-roehlingen.de\/html\/wordpress\/?page_id=3813\">Weiterlesen <span class=\"meta-nav\">&rarr;<\/span><\/a><\/p>\n","protected":false},"author":2,"featured_media":0,"parent":0,"menu_order":0,"comment_status":"closed","ping_status":"closed","template":"","meta":{"footnotes":""},"class_list":["post-3813","page","type-page","status-publish","hentry"],"_links":{"self":[{"href":"https:\/\/www.reitverein-roehlingen.de\/html\/wordpress\/index.php?rest_route=\/wp\/v2\/pages\/3813","targetHints":{"allow":["GET"]}}],"collection":[{"href":"https:\/\/www.reitverein-roehlingen.de\/html\/wordpress\/index.php?rest_route=\/wp\/v2\/pages"}],"about":[{"href":"https:\/\/www.reitverein-roehlingen.de\/html\/wordpress\/index.php?rest_route=\/wp\/v2\/types\/page"}],"author":[{"embeddable":true,"href":"https:\/\/www.reitverein-roehlingen.de\/html\/wordpress\/index.php?rest_route=\/wp\/v2\/users\/2"}],"replies":[{"embeddable":true,"href":"https:\/\/www.reitverein-roehlingen.de\/html\/wordpress\/index.php?rest_route=%2Fwp%2Fv2%2Fcomments&post=3813"}],"version-history":[{"count":393,"href":"https:\/\/www.reitverein-roehlingen.de\/html\/wordpress\/index.php?rest_route=\/wp\/v2\/pages\/3813\/revisions"}],"predecessor-version":[{"id":24904,"href":"https:\/\/www.reitverein-roehlingen.de\/html\/wordpress\/index.php?rest_route=\/wp\/v2\/pages\/3813\/revisions\/24904"}],"wp:attachment":[{"href":"https:\/\/www.reitverein-roehlingen.de\/html\/wordpress\/index.php?rest_route=%2Fwp%2Fv2%2Fmedia&parent=3813"}],"curies":[{"name":"wp","href":"https:\/\/api.w.org\/{rel}","templated":true}]}}